 + 12*q + 1. Let d(s) = -7*s**2 + 13*s + 1. Let m be 3/(-1)*20/(-12). Let g(v) = m*d(v) - 6*r(v). What is g(6)?
-7
Let w(b) = 2*b + 2. Let y be w(4). Let j = y - 15. Let t(g) = -g**2 - 5*g - 1. Give t(j).
-1
Let z(l) = l**3 - 7*l**2 + 6*l. Let o(q) = q**3 + 3*q**2 + q + 4. Let a be 9/(-4) - (-12)/48. Let c be o(a). Calculate z(c).
0
Let d(h) = 5*h**3. Suppose 0 = 3*n - 2*w - 7, 5*w - 1 = -2*n - 9. Let s be d(n). Let t(c) = -4*c + 3*c - 6 + 4. Determine t(s).
-7
Let d(k) = -k - 5. Let v(b) = -b**3 - 4*b**2 + 3*b - 2. Let s be v(-4). Let l = s + 14. Determine d(l).
-5
Let f = 47 - 40. Let u(k) = -k**3 + 8*k**2 - 7*k - 5. What is u(f)?
-5
Suppose 2*b + 19 = 7. Let l be b/(-2) - 3/1. Let p(g) = l*g - g**2 - g - 6*g**3 + 14*g**3 - 1. Give p(-1).
-9
Let h(f) = -6*f - 2. Suppose -4*a = -24 - 0. Let u(y) = -7*y - 2. Let i(b) = a*h(b) - 5*u(b). Let j(t) = 2*t + 3. Let g(o) = -7*i(o) - 4*j(o). Give g(4).
-2
Let k(m) = 0 + 0*m - m + 3. Let z(h) = -3. Let g(p) = -3*k(p) - 4*z(p). Let f = -8 + 5. Calculate g(f).
-6
Let j be ((-1)/(-3))/(8/6). Let g(u) be the first derivative of u**3 + 1/2*u**2 + 2 - j*u**4 + 5*u. Give g(4).
-7
Let b = -13 + 8. Let l(j) = 2*j - 8. Let a be l(7). Let o(n) = -n**3 + n**2 - a*n + 3 - 7*n**2 - 2. Give o(b).
6
Let w = -7 + 5. Let t(z) be the second derivative of -z**5/60 - z**4/8 + z**2 + 2*z. Let r(y) be the first derivative of t(y). Calculate r(w).
2
Let f(o) = -o**3 + 5*o**2 - 2*o - 13. Let y(i) = -i**3 + 4*i**2 - i - 13. Let z(t) = 6*f(t) - 5*y(t). What is z(9)?
5
Let t(l) be the third derivative of -l**6/720 + l**5/120 - l**4/24 - l**2. Let k(u) be the second derivative of t(u). Suppose 4 = -6*x + 4*x. What is k(x)?
3
Let h(t) = t**3 - 6*t - 4 - 9*t**2 + 7*t + 0*t**3. Let a be h(9). Let i(m) = -2*m + 1. What is i(a)?
-9
Let y(o) = -5*o**3 + 10*o**2 + 7*o + 2. Let h(m) = -m**3 + m**2 + m + 1. Let t(v) = 6*h(v) - y(v). Let d = -3 + -1. Give t(d).
8
Let l(n) be the second derivative of -n**4/12 - 4*n**3/3 - 2*n**2 + 10*n. Give l(-6).
8
Let l(j) = 5 + 0 + j**2 - 1 - 5*j + j. Give l(5).
9
Let x = -4 + 19. Let z = 3 - x. Let p be -1 + z/9*3. Let v(o) = -o**3 - 6*o**2 - 7*o. Calculate v(p).
10
Let x(c) = c**2 - 1. Let a(u) = 4*u**2 - 2*u - 4. Let n(t) = -a(t) + 3*x(t). Let g = -1 - -6. Calculate n(g).
-14
Let c(m) = -m**2 + 4*m + 8. Let r be c(6). Let d(a) = -5*a - 7. Let q(v) = 2*v + 3. Let j(o) = r*d(o) - 9*q(o). Calculate j(-3).
-5
Let m(n) = 5*n**2 - 9*n - 6. Let i(f) = -14*f**2 + 26*f + 17. Let b(a) = 6*i(a) + 17*m(a). Suppose -2*t + 7 = 15. Determine b(t).
4
Suppose t = -4*j, 2*j = 3*t + 2*t. Suppose 3*s + t*l = l + 23, 0 = -3*s - 3*l + 3. Let a(m) = -m. Calculate a(s).
-6
Let s = 3 + 1. Let b be (2/s)/((-5)/10). Let k be b + 0 - 3/(-3). Let u(n) = n + 1. Calculate u(k).
1
Let d(w) = w. Let r be d(-5). Let j(v) be the second derivative of -v**2 + v**3 - v + 0 + 1/2*v**4 + 1/20*v**5. Calculate j(r).
-7
Let r(u) = -4*u. Suppose 3*f - 2 = f. Let o(b) = b - 1. Let n(i) = f*r(i) + 5*o(i). Calculate n(5).
0
Let d(k) be the second derivative of -k**3/6 + 5*k**2/2 + 31*k. Calculate d(6).
-1
Let n(s) be the second derivative of -1/6*s**3 + 5*s**2 - s + 0. Determine n(5).
5
Suppose -2*m = -m + 6. Let i be (m - 2) + -2 + 2. Let k = -11 - i. Let q(h) = -h**2 - 2*h + 2. Give q(k).
-1
Let d(v) = -2*v**2 - 5*v + 4. Let b = 7 + -18. Let h = b + 6. Let t(c) = 2*c + 6. Let x be t(h). What is d(x)?
-8
Let x(v) = -v**3. Let h(d) = -3*d**3 + 4. Suppose 0 - 2 = -2*p. Let i(j) = p*h(j) - 4*x(j). Let b(k) = -k**2 - 9*k + 10. Let t be b(-10). Calculate i(t).
4
Let k(n) = -7*n - 1. Suppose 9 = -3*t + 24. Suppose -t*r = w + 7 + 20, w = 5*r + 33. Let g = 7 + r. Determine k(g).
-8
Let u(y) = y**3 - 4*y**2 - 4*y + 3. Let l be 1*(-2 + 5 + 8). Let i be 1/(-2) + l/2. What is u(i)?
8
Suppose -i = -3*g - 3*i - 14, 2*i = -4*g - 16. Let l(p) = -p**2 - 6*p - 6. Let j(r) = -r**2 - 5*r - 5. Let b(x) = -6*j(x) + 5*l(x). What is b(g)?
4
Let c(p) = 0*p**3 - 7*p**2 + 2*p**2 - 1 + p**3 - p. Let q(f) = 9*f - 31. Let m be q(4). Determine c(m).
-6
Suppose u = 5*o - 9, -u + 3 = 2*u - 5*o. Let b(w) be the first derivative of -w**2/2 + 6*w - 9. Determine b(u).
0
Let v(p) = 16*p + 15. Let w(h) = h**2 - 64*h - 59. Let d(t) = 9*v(t) + 2*w(t). Let x(y) = y**2 + 8*y + 9. Let c(j) = 6*d(j) - 11*x(j). Determine c(-8).
3
Let y(p) be the second derivative of p**5/20 - 5*p**4/12 + p**3/6 + p**2 - p. Suppose -10 - 6 = -4*h - r, -4*r - 1 = 3*h. Determine y(h).
7
Let n(v) = -v**3 - 6*v**2 + 5*v - 9. Let o be n(-7). Let p(u) = 3*u + 5. Let k(g) = g + 1. Let d(b) = 4*k(b) - p(b). Calculate d(o).
4
Let d(v) be the second derivative of 0 + 1/12*v**4 + 1/6*v**3 - 1/2*v**2 - 7*v. Give d(-2).
1
Suppose 5*h - 14 = -39. Let j(g) = -8*g + 21. Let a(o) = -3*o + 7. Let d(t) = 11*a(t) - 4*j(t). Give d(h).
-2
Suppose -3*h = h. Suppose 16 - 4 = 4*z. Let u(w) = -7*w**z - 4 + 6*w**3 - 1 + 0*w**3. Calculate u(h).
-5
Let m(h) = h**2 + 8*h. Let p be m(-8). Let q(w) = 0*w**2 - 8*w**3 + 15*w**3 + p*w**2. Calculate q(-1).
-7
Let o(v) be the first derivative of v**4/4 + v**3 - v**2 + 3*v - 17. What is o(-3)?
9
Suppose -4*d - 2*j - 2*j = -40, 4*d + 2*j - 30 = 0. Suppose 0*p - d = 5*v - 2*p, -5*p = 5*v + 5. Let n(r) = 4*r**3 - 3*r**3 + 1 + 2*r - r. Give n(v).
-1
Let b be 4 + (2 - 9/(-1 - -4)). Let d(u) = -2*u**2 + 4*u - 3. What is d(b)?
-9
Let u(i) be the second derivative of -2*i - 1/2*i**3 + 0*i**2 - 1/24*i**4 + 0 + 1/30*i**5. Let c(r) be the second derivative of u(r). Determine c(1).
3
Let w be 0/(-1) + 0*5/30. Let y(u) = -u**3 - u**2 + u - 5. Give y(w).
-5
Let p(w) be the first derivative of -w - 7 + 0*w**2 - 2/3*w**3. Suppose -2*i - 3*i = -4*c + 1, 3*i + 3 = 0. Calculate p(c).
-3
Let v(f) = -f - 5 - 2*f + 4*f. Suppose u + 0 = 6. Let q = u - 6. Calculate v(q).
-5
Let g(n) be the first derivative of -n**4/12 + n**3/3 + n**2 - 2*n - 4. Let i(d) be the first derivative of g(d). Give i(4).
-6
Let z(t) = -4*t - 4. Suppose 17 = -2*c - 1. Let f = 6 + c. Calculate z(f).
8
Let m be (-4)/2*3/(-2). Let d be (1 + 2)/m + 11. Suppose d = -3*i, 0*f - i - 8 = -f. Let b(r) = -r**2 + 7*r - 6. Calculate b(f).
6
Let u(k) = -6*k + k**2 + 13 - 3 + 5*k. What is u(0)?
10
Suppose 0 = 5*w - w - 88. Let g be 3/9 - w/(-6). Suppose -g*d + 2*o + 2*o = 12, -17 = 4*d - 5*o. Let f(c) = c**2 - c + 1. Determine f(d).
3
Let q(m) = m**2 + 8*m + 8. Let j = 42 - 48. What is q(j)?
-4
Let i(q) be the third derivative of q**6/120 + 7*q**5/60 - q**3/3 - 8*q**2. Give i(-7).
-2
Let j(s) be the third derivative of 2*s**2 - 1/120*s**5 - 3/8*s**4 + 0*s + 0 - 1/6*s**3. Let f(n) be the first derivative of j(n). Calculate f(-5).
-4
Let h(d) = d**2 - d - 1. Let p(k) = 2*k**2 - 2*k + 1. Let l(g) = 3*g**2 - 3*g + 2. Let r(z) = 6*l(z) - 10*p(z). Let n(y) = 10*h(y) + 6*r(y). Calculate n(2).
-2
Let c(v) be the third derivative of 0 + 0*v - 1/24*v**4 + 1/60*v**5 - 1/20*v**6 + 1/6*v**3 + v**2. Give c(1).
-5
Let h be (-3)/(-2)*(-8)/(-6). Suppose -5*p = -4*a - 35, -h*p + 36 = -5*a + 5. Let y(x) = -4 - p*x - 2*x + 4*x. Calculate y(-6).
2
Let m(s) = -s - 4 + s**3 + 3 + 0. Let g(v) = 3*v**3 - 5*v**2 - 11*v - 10. Let t(i) = g(i) - 4*m(i). Calculate t(-4).
6
Let l(k) be the second derivative of k**3 + k**2 - k. Give l(2).
14
Let t(b) = -2*b**2 - 7*b + 0*b**2 + 1 - b**2 + 2*b**2. What is t(-8)?
-7
Let a(i) = 4*i + i + 0*i - 2*i. Determine a(1).
3
Let h(n) be the second derivative of -n**4/4 + n**3/6 + n. Calculate h(-1).
-4
Let r be (0 + 2)/1 + 1. Let n(l) be the first derivative of -l**4/4 + 2*l**3/3 + 5*l**2/2 - 3*l + 10. Give n(r).
3
Let y(l) = 3*l**3 - 13*l**2 + 5*l + 1. Let o(g) = -g**3 + 6*g**2 - 3*g. Let m(p) = -5*o(p) - 2*y(p). Calculate m(-5).
-2
Let o(n) = -n + 2. Let u = 73 + -76. What is o(u)?
5
Let d(n) = -5*n - 1. Let u be d(3). Let f be ((-2)/(-3))/(u/72). Let y(b) = -b - 1. Let r(i) = i + 1. Let h(m) = 3*r(m) + 2*y(m). Determine h(f).
-2
Let d(q) be the first derivative of -5*q**2/2 + q + 8. What is d(1)?
-4
Let g(i) = -i**2 - 8*i + 4. Let p(o) = 3*o - 52. Let f be p(15). Give g(f).
11
Let u(y) = -3 + 16 - 7 + 3 - y. Determine u(7).
2
Let m(s) = -10*s**3 - s**2. Let d(f) = -f**2 + 4*f + 3. Let c be d(4). Let q = 3 - 2. Suppose 2 = -c*z - q. What is m(z)?
9
Let o = -6 - -6. Let w be (-2)/3*(-3 + o). Let v(c) = c**2 + c + 2. Determine v(w).
8
Let d(t) be t